ime factors of h(10)?
37
Suppose 6 = w - 25. What are the prime factors of w?
31
List the prime factors of (4/(-10))/2 - (-6396)/30.
3, 71
Let g(d) = -d**3 + d**2 + d + 2. Let v be g(-2). Let c = v + 19. List the prime factors of c.
31
Let s(n) = 2*n**3 - 4*n**2 + 2*n. Let u be s(2). Suppose 0 = 3*x - 11 - 1. Suppose 3*c - 4*c + 26 = 5*w, x*w - 40 = -u*c. List the prime factors of c.
2, 3
Suppose 3*x - 5*x + 10 = 0. Suppose 3*b + 15 = -x*z, -5*z + z = 3*b + 15. Suppose z = 5*c - c + 3*v - 55, c - 3*v + 5 = 0. What are the prime factors of c?
2, 5
Let s(u) = -18*u + 29. List the prime factors of s(-15).
13, 23
Let c(h) = 86*h + 10. What are the prime factors of c(3)?
2, 67
Let x = -136 - -326. What are the prime factors of x?
2, 5, 19
Let u(i) = i - 5. Let b be u(5). Suppose -30 = -b*y - 5*y. Let s(r) = r**2 - 6*r + 9. What are the prime factors of s(y)?
3
What are the prime factors of 362/2 + (-14 - -16)?
3, 61
Let m(g) = 2*g**2 - 9*g + 4. Let y be m(7). Let i = y - 23. What are the prime factors of i?
2
Let c = 51 + 103. List the prime factors of c.
2, 7, 11
Let n(z) = -z**3 + z**2 + 4. Let p be n(0). Suppose 0 = 4*g - p*y + 5 + 3, -y + 20 = 5*g. List the prime factors of g.
3
Let a = 18 + -14. Suppose 3*p + c = -c + 5, p + a*c = -15. List the prime factors of p.
5
Suppose 0 = -3*z - 3*x + 24, 3*x = z - 2 + 14. Suppose -3*q + 25 = -8*q - v, 3*q + 3*v + 3 = 0. List the prime factors of (-5)/(2*z/q).
5
Suppose 0*g + 225 = 5*g. Suppose -4*j + 120 = 3*i, i - 83 = -4*j + g. What are the prime factors of j?
3, 11
Suppose -2*p - 5*w = -123, 3*p - 232 = -0*p + 2*w. Suppose 0 = -5*l + p - 24. List the prime factors of l.
2, 5
Let w = 5 + 0. List the prime factors of ((-6)/w)/((-1)/5).
2, 3
Let s be 13/(-3 - (-20)/8). What are the prime factors of (-3966)/(-78) - 4/s?
3, 17
Suppose -3*s - 4 = 2*u, -u + 2*u = 5*s + 24. Let j be (-46)/(-8) - 1/s. Suppose -j = -5*q + 9. List the prime factors of q.
3
Let v = 9 + -10. Let u be v - (-3 + (-4)/(-2)). Suppose -4*x - x + 75 = u. What are the prime factors of x?
3, 5
Suppose -670 = -5*g + 190. List the prime factors of g.
2, 43
Let x(u) = -u**3 - 5*u**2 - 6*u - 5. What are the prime factors of x(-5)?
5
Let k = 6 + -4. Suppose -5*t - 25 = 0, 4*c = -0*t + 2*t + 26. Suppose -m + 4*n - c = 0, -k*m = -4*m - 5*n + 44. What are the prime factors of m?
2, 3
What are the prime factors of (3*(-138)/72)/(2/(-40))?
5, 23
Suppose 4*y - 5*p = 129, 0 = 3*y + p - 12 - 61. What are the prime factors of y?
2, 13
Suppose -5*v + 17 = -4*j - 13, -10 = 2*j. Let h be -2 + 1 + (7 - v). Let u = h + 8. What are the prime factors of u?
2, 3
Let m(h) = -7*h**2 + 3*h. Let n be m(2). Let p = 37 + n. List the prime factors of p.
3, 5
List the prime factors of 208/6 - 4/(-3).
2, 3
Suppose 0 = 3*g - 0*z + z - 19, 0 = -5*g - 3*z + 33. Suppose -w - 230 = -g*w. List the prime factors of w.
2, 23
Let t be (1/(-2))/(6/(-108)). Let w be t - 2 - 2 - -2. Suppose w = d + 3. List the prime factors of d.
2
Suppose g + 3*g + 100 = 0. Let s = g - -44. Suppose 36 + s = 5*p. List the prime factors of p.
11
Suppose -2*m + 5*w + 43 = 0, 3 - 14 = m + 4*w. Let f be 0/(3/m*3). Suppose g + g - 12 = f. What are the prime factors of g?
2, 3
Let y(z) = -z**3 - 5*z**2 - 2*z + 3. Let r(x) = -5*x**3 + x**2 - x. Let j be r(1). What are the prime factors of y(j)?
13
Let p(u) = -2*u - 11. Let v be p(-7). Let o(d) = 5*d**2 + 4*d - 3. What are the prime factors of o(v)?
2, 3
Let q = -4 + 6. Let m(y) = 2*y**3 + 2*y**2 - 2*y - 3. Let a be m(-1). List the prime factors of (1/q)/(a/(-6)).
3
Let o = -8 + 10. What are the prime factors of -3 + o - (-31 + 3)?
3
Let d(b) = b**2 - 12*b - 11. What are the prime factors of d(13)?
2
Suppose -4*o + 43 = 3*h - 22, 0 = h - 3. Let k = -2 + o. List the prime factors of k.
2, 3
Suppose -n + 2*l + 53 = 0, n - 68 + 12 = 3*l. What are the prime factors of n?
47
Let c(g) be the second derivative of g**4/12 - 2*g**3/3 + 3*g**2 - 2*g. What are the prime factors of c(7)?
3
Let f = 148 + -66. What are the prime factors of f?
2, 41
Let x = 245 + -104. What are the prime factors of x?
3, 47
Let v be 2/6 - (-158)/(-6). Let b be (2/4)/(1/v). Let t = 22 + b. What are the prime factors of t?
3
Suppose -2*q = 5*w - 5 - 1, -3*w + 4*q + 14 = 0. Suppose w*o = 4*o. Let f = 3 - o. What are the prime factors of f?
3
List the prime factors of ((-28)/20 - -1) + 1454/10.
5, 29
Suppose 0 = 4*d - 409 + 13. What are the prime factors of d?
3, 11
Let u(w) = -3*w**3 - w**2 + 4*w + 3. Let i be u(-2). Suppose 13*j + i = 14*j. List the prime factors of j.
3, 5
Suppose -4*m + 4*w + 108 = 0, 0 = -5*m + 2*w + 104 + 28. Let h = 25 + -42. Let d = m + h. List the prime factors of d.
3
Let j be (-2)/((-1)/(-1 - 2)). Let p = -8 - -18. Let v = p + j. What are the prime factors of v?
2
List the prime factors of (-3)/((-12)/1142) + (-6)/12.
3, 5, 19
Suppose 4*h + 1400 = 4*u + 148, -2*h = 10. List the prime factors of u.
2, 7, 11
Let z(b) = b**3 + 8*b**2 + 9*b - 4. Let v be z(-7). Let s = v + 30. List the prime factors of s.
2, 3
Let v = -27 - -53. List the prime factors of v.
2, 13
Let u be (-8)/8 + 1*11. Let s = u - -6. List the prime factors of s.
2
Suppose 32 + 43 = p. What are the prime factors of p?
3, 5
Suppose -8*o - 110 = -678. What are the prime factors of o?
71
Suppose -8 = 2*t, -3*b = -5*b - 2*t + 10. What are the prime factors of b?
3
Suppose 5 = -5*b - 0*b. Let m = b - -35. List the prime factors of m.
2, 17
Suppose 4*z - 9*z = 80. Let h = z - -19. What are the prime factors of h?
3
Let w(s) = 5*s**2 + 8*s**2 + s + 7*s**2. List the prime factors of w(1).
3, 7
Let a = -3 - 0. Let m be a/2*(-189 + -1). What are the prime factors of m/25 - (-2)/(-5)?
11
Suppose 5*f - 2 - 8 = 0. Suppose 25 = 4*s + s. Suppose f = q - s. What are the prime factors of q?
7
Let g(h) = h**3 - 16*h**2 + 24*h - 48. List the prime factors of g(15).
3, 29
Suppose -4*d + 1109 = 257. List the prime factors of d.
3, 71
Let u(s) be the second derivative of s**4/12 - 11*s**3/6 + 5*s**2/2 - 7*s. Suppose 5*r = 4*g + 75, -g + 5 = 10. List the prime factors of u(r).
5
Let z(p) = p**2 - 6*p + 3. Let k be z(6). Suppose 2*h + 4 = 0, 4*t - k*t + 3*h - 10 = 0. List the prime factors of t.
2
Let q = 10 + 143. What are the prime factors of q?
3, 17
Let f(l) = 7*l**2 - 4*l + 2. What are the prime factors of f(2)?
2, 11
Suppose -2*u = 3*s - 30, u - 5*u = -3*s + 12. Suppose 2*i - 4*r + s = 0, i + 2*r - 4 = -2*i. List the prime factors of -1*(-7 + i + -2).
3
Let h = -6 - -14. Let z be (-12)/h*8/(-6). Suppose 5*a - 31 + 1 = z*n, 18 = 3*a + 4*n. List the prime factors of a.
2, 3
What are the prime factors of 1810/15 + 3/(18/(-4))?
2, 3, 5
Let q = 7 - 7. Suppose -p = -4*w + 87, q*w - p - 24 = -w. Let o = 34 - w. List the prime factors of o.
13
Suppose 0 = 5*v + 5*w - 6 - 9, 0 = 5*v - 2*w + 6. Let n = v - 0. Suppose -24 = -n*p - 3*p. List the prime factors of p.
2
Suppose 5*h - 2*r - 93 = r, 5*r = -5. List the prime factors of h.
2, 3
Let l(x) = -3*x. Let g(v) = -8*v. Let o(f) = 4*g(f) - 11*l(f). Let c be o(5). Suppose c = 4*b - 3. What are the prime factors of b?
2
Suppose 5*t - 77 = 3. Let v(b) = b**2 + 3*b + 3. Let q be v(-2). What are the prime factors of (-2)/q + -4 + t?
2, 5
Let z(r) = 77*r**2 + 2*r + 1. What are the prime factors of z(2)?
313
Let t(d) = -d**3 + d**2 + d + 1. Let o be t(2). Let f = 3 + o. Suppose -4*b = -c - 6, 5*c + f*b - 5 = 53. List the prime factors of c.
2, 5
Suppose -y + 73 = 3*n - 3*y, -5*n + y = -110. List the prime factors of n.
3, 7
Let w = 101 - -5. What are the prime factors of w?
2, 53
Suppose 0*u = -2*u. Suppose u = -5*w + 4 + 11. Suppose -4*i = 5*x - 37, 0 = -i - 0*x - w*x + 18. List the prime factors of i.
3
Let i(w) be the third derivative of -w**4/12 + w**3/3 - 3*w**2. What are the prime factors of i(-6)?
2, 7
Let t be (0 + -5)*6/15. Let l be (-6)/t*2 + -1. Suppose l*m - 57 = -4*f, -5*f + 31 + 29 = 5*m. What are the prime factors of m?
3
Let p(l) = 3*l**3 - l**2 + l. Let m be p(1). Suppose m*v - 7 - 4 = -4*t, 0 = t - v - 1. List the prime factors of -10*1/(-4)*t.
5
Let y(l) = 7*l - 4. Let q(o) = -15*o + 9. Let r(p) = 6*q(p) + 13*y(p). List the prime factors of r(5).
7
Suppose 205 = 4*n + n. What are the prime factors of n?
41
Suppose 0 = -3*l - 2*l + 20. Suppose -4 = l*w + t + 3*